/4?
1
Let g = 97 - 42. What is the tens digit of g?
5
Let l(b) = -b**3 - 3*b**2 + 5*b + 4. Let g be l(-4). Suppose g + 5 = -5*n. What is the units digit of 9 - (0 - 1)*n?
8
Suppose 21 = 5*x + 4*t, -2*t + 6 = 2*x + 2*t. Suppose 4*f - x*q = -0*q + 39, q - 9 = -2*f. What is the units digit of f?
6
Let j(w) = w**2 - w. What is the tens digit of j(4)?
1
Let l(b) = 2*b**3 - b**2 - 5*b + 2. What is the units digit of l(3)?
2
Let c(i) = -i**2 - 6*i - 5. Let y(g) = g + 2. Let n(d) = 5*d + 11. Let j(b) = 2*n(b) - 11*y(b). Let a be j(4). What is the units digit of c(a)?
3
Suppose 4*m - 216 = m. What is the units digit of m?
2
Let v be (50/(-15))/((-2)/3). Suppose 0 = 3*x - 62 + v. What is the units digit of x?
9
Suppose 627 = 6*j + 129. What is the tens digit of j?
8
Let r = 3 - -52. Suppose -4*k + r = -1. What is the units digit of k?
4
Suppose -g + 60 = -f - 16, -5*f = -2*g + 155. What is the tens digit of g?
7
Suppose -5*x = w - 71, 4*x + 288 = 5*w + 49. What is the units digit of w?
1
Let g = 57 - 20. Suppose -1 = 4*q - g. What is the units digit of q?
9
What is the tens digit of (-1586)/(-10) - (-4)/10?
5
Let b(q) = -4 - 9*q**2 - 9*q + 8*q**2 + 6 - 4. Let g be b(-9). What is the units digit of 2*(g - -5) + -1?
5
Suppose -1 = v - 0*v. What is the units digit of -1*v/1*20?
0
Let z(d) be the first derivative of 3*d**4/2 - 2*d**3/3 + d**2 - d - 2. Let h be (-7)/(-4) - 9/12. What is the units digit of z(h)?
5
Let a(j) = -5*j - 2. What is the tens digit of a(-10)?
4
Let u(b) = 47*b**2 + 3*b - 1. What is the tens digit of u(1)?
4
Let s be (-72)/(-42) + (-4)/(-14). What is the units digit of ((-1)/(-2))/(s/8)?
2
Let p = -10 + 13. What is the units digit of p?
3
Let r be (2/6)/((-3)/(-9)). Let n = 3 + r. Suppose 2*h - 24 = -l - 2*h, h - n = 0. What is the units digit of l?
8
Let o(j) = -4*j**3 + j**2 + 6*j + 7. Let i(d) = d**3 - d - 1. Let r(k) = -5*i(k) - o(k). Let p be r(-2). What is the units digit of 6 - p - 12/(-2)?
8
Suppose 62 + 182 = a. What is the units digit of a?
4
Let o(x) be the third derivative of -x**4/4 - x**3/2 - 4*x**2. Let n be o(-3). Suppose -3*v - n = -z, -2*z - v + 17 = 1. What is the units digit of z?
9
Let g(h) = h**2 + 9*h - 6. Let w be g(-10). Suppose -110 = -4*n - v - 2*v, w*n - 120 = 2*v. What is the tens digit of n?
2
Suppose -5*q + 150 = -5*u, q + 5*u - 160 = -4*q. Let g = -48 + q. Let n = -8 - g. What is the units digit of n?
9
Let o(g) = -g**3 - g + 8. What is the units digit of o(0)?
8
Suppose k = 0, k = -4*t + 5*k + 12. Suppose -3*v + t*c + 54 = 0, -5*c - 48 = -5*v + 2*v. What is the tens digit of v?
2
Let t = -8 + 7. What is the tens digit of 11 - t - (0 + 2)?
1
Let g = -6 - -28. Let x = g + -1. What is the tens digit of x?
2
Let w be (0 - 2)*12/4. Let s(t) = t**2 + 4*t - 8. Let a be s(w). Suppose a*c - f - 33 = 1, -3*c + 33 = 3*f. What is the units digit of c?
9
Suppose -b - 4*t = -57, 2*b = -2*t + t + 128. Suppose a + 4*a = b. What is the tens digit of a?
1
Let f be (606/9)/(4/18). Suppose z - 4*z = -f. Suppose 0 = 5*v + 3*y - 86, 5*v - 2*y + 0*y = z. What is the units digit of v?
9
What is the units digit of 21 + 13 - (-2 - 0)?
6
Suppose 5*u + 2*l - 31 = 0, 7*u - 2*u - 10 = 5*l. Suppose 0 = 3*c - 2*p + u*p, 2*c + 5*p = -6. Suppose -c*n + 14 = -2. What is the units digit of n?
8
Suppose c - 3 = -0. Suppose -q + 5*n = -17, -5*n = -2*n + c. What is the tens digit of q?
1
Suppose 4*g - 45 = -g. What is the units digit of g?
9
Let c(r) = -8*r - 1. Let a be (-1 + (-21)/(-15))*-5. Let w be a + 2*3/6. What is the units digit of c(w)?
7
Suppose 3*w = 5*l - 73 + 204, 0 = w - 2*l - 45. Let h = 59 - w. What is the units digit of h?
2
Let p = -234 + 470. What is the tens digit of p?
3
Suppose -3*r - 28 = 4*o + 2*r, o + 2*r = -7. What is the units digit of (-4)/(6/3) - o?
5
Let q(l) = -l**2 + 5*l - 4. Let j be q(3). Let n = 1 + j. Suppose 0*g - n*g = -21. What is the units digit of g?
7
Suppose 1 = a, -4*a + 0*a + 14 = 5*x. Suppose -4*u + z + 0*z = -43, x*z + 31 = 3*u. What is the units digit of u?
1
Let l(q) = q + 8. Let h be l(-8). Suppose 2*r = -2*u + 22, -u + h*u = -2*r - 8. What is the tens digit of u?
1
Let v = 181 + -81. Let h = -60 + v. Suppose 0 = -5*q - b + h, -5*q + 14 + 26 = -4*b. What is the units digit of q?
8
Let y = -22 - -10. What is the units digit of y/(-42) - 52/(-14)?
4
Suppose 2*d - 190 = 82. What is the units digit of d?
6
Let o be 38/3*(0 - 3). What is the tens digit of (-3)/(2 - o/(-18))?
2
Let s(j) = j - 2. Let f be s(-4). What is the tens digit of (-104)/(-6) - (-2)/f?
1
Let a be (-1)/(4/120*2). Suppose 4*q = 3*p - 26, 3*p + p - 26 = q. What is the tens digit of 10/a - (-76)/p?
1
Let y be -5 + 3 + 1 + 1. Suppose y = 3*v - 2 - 13. What is the units digit of v?
5
Let j be (9/(-12))/(3/(-8)). What is the units digit of 0 + -2 + 18 - j?
4
Let k(s) = s**3 - 5*s**2 - 7*s + 5. Suppose 0 = -2*m - 0 + 12. Let h be k(m). What is the units digit of 27/(-6)*-2 + h?
8
Suppose -p - 5 + 1 = 2*x, 5*p = 0. Let l(z) = z**2 + 5*z - 3. Let c be l(-6). Let h = x + c. What is the units digit of h?
1
Let t = 34 - 58. Suppose 14 + 1 = 3*x, -m - 4*x = -4. Let d = m - t. What is the units digit of d?
8
Let r(p) = -p**3 + 9*p**2 - 7*p - 11. Let n be r(8). Let g = n - -5. Suppose -9 = 3*w, 0 = q + g*w + 2*w - 2. What is the units digit of q?
4
Let p(c) = 12*c + 2. What is the tens digit of p(9)?
1
Let c be 6*(-1)/3*-5. Let a = 14 - c. Suppose 2*j + 4*r - 2*r - 18 = 0, -j - a*r = 0. What is the units digit of j?
2
Let v(r) = -3*r - 10. Let a be v(-9). What is the tens digit of 1/(((-5)/a)/(-5))?
1
Let u be 5 + (-4)/(-6)*-3. Suppose t + u*b = -4, -4 = 4*b - 0. What is the units digit of 2*4 - (t + 3)?
6
Let j(r) = 120*r**2 + 3*r - 2. What is the tens digit of j(1)?
2
Suppose 2*w - 98 = 22. Suppose 84 = -2*g - 2*g. What is the tens digit of g/2*w/(-35)?
1
Let g(w) = w**2 + 3*w + 1. Let p be g(-5). Let s(r) = -r**2 + 14*r - 1. What is the tens digit of s(p)?
3
Let c(i) = -i. Let k(n) = 3*n - 4. Let d(t) = -t + 2. Let g(v) = 9*d(v) + 4*k(v). Let o(f) = 2*c(f) + g(f). What is the units digit of o(2)?
4
Let r(j) = -j + 3. Let c(i) = -3*i - 3. Let d be c(-3). Suppose -u + 5*l - 10 = -d*u, 0 = l. What is the units digit of r(u)?
1
Suppose -4*s = 4, -5*s - 26 = -3*i - 3*s. What is the units digit of i?
8
Let n be (12/10)/(6/20). Let w be n/6 - 2/3. Let s = w - -6. What is the units digit of s?
6
Suppose 0 = k + 3*a - 16 - 11, 0 = 3*a + 3. What is the tens digit of k?
3
Let i be (-3 - -1)/((-3)/6). Let m be (3/(-2))/(1/i). Let h = 8 + m. What is the units digit of h?
2
Let v(o) = -63*o + 1. Let n be v(-1). Suppose -5*j - 26 - n = 0. What is the units digit of (j - 0)/(5 - 7)?
9
Let p = -6 + 6. What is the units digit of 2*((-3)/(-2) + p)?
3
Let w = 53 + 92. What is the hundreds digit of w?
1
Let z be (-8)/(-12)*(-1 - -4). Suppose 0 = z*h - h - 12. What is the units digit of h?
2
What is the tens digit of -3 + 197 + -3 + 6 + 3?
0
Let p(h) = 0*h + h**3 + h + 8 + 0*h. What is the units digit of p(0)?
8
Suppose 3*o = -41 + 329. Suppose -2*a + 0*k + 2*k = -o, 3*a = -k + 124. What is the units digit of a?
3
Let n(t) = 16*t + 1. Let l be n(5). Let p = -150 + l. What is the units digit of p/(-9) + (-4)/6?
7
Suppose 7*r - 2*r = -5*s + 125, 5*r = 5. What is the units digit of s?
4
Suppose 0 = -3*p + 3*q + 54, -3*q - 27 - 1 = -p. What is the units digit of p?
3
Let m = -96 + 134. What is the units digit of m?
8
Let t(q) = 4*q**3 + 2*q + 1. Let b be t(-1). Let l = b + 24. Suppose -4*j = -1 - l. What is the units digit of j?
5
Let c be (0 + 1/3)*-3. Let m = -2 - c. What is the units digit of -2*(m/(-2))/(-1)?
1
Let s = -54 + 66. What is the tens digit of s?
1
Let d(k) = k**3 + 4*k**2 + 4. Suppose 0 = -2*c + 3 - 11. Let n be d(c). Suppose -h + 2*h = n. What is the units digit of h?
4
Let w(c) = -c + 0*c + 2 + 0*c. Let r be w(0). Suppose -14 = -3*q - 4*t - 0*t, 0 = -r*q - 4*t + 12. What is the units digit of q?
2
What is the units digit of (3*4/6)/1?
2
Suppose 70 = 2*a - 3*h, 2*a + 3*h - 79 + 21 = 0. What is the units digit of 3/(12/a) - 2?
6
Let k be (87/6 + -2)*4. Suppose -2*f = -3*i + 2*i - 47, -2*f = 2*i - k. Suppose 0 = -4*z - 4*a + f, 5*z = 3*a + 38 + 24. What is the tens digit of z?
1
Suppose -6*o = -2*o - 8. What is the units digit of o?
2
Let f be